se -229 - 301 = -5*j + 5*s, 4*j = 2*s + z. What is the hundreds digit of j?
1
Suppose 2*a + 77892 = 5*r, 2*a + 424 - 62716 = -4*r. What is the ten thousands digit of r?
1
Let k be 2 + ((-106)/(-6))/(4/12). Let j = k + -52. What is the units digit of ((-2 - -3) + 2)*59/j?
9
Let u be (-1057)/3*312/(-364). Suppose -2*h + u = -84. What is the tens digit of h?
9
Suppose 265 = 3*y + 2*h, 6*h = -3*y + 3*h + 267. Let k be 10/(-7)*1330/38. Let c = y + k. What is the units digit of c?
7
Let m be (-52680)/(-140)*(7 + 0). Suppose -587*k + 581*k + m = 0. What is the hundreds digit of k?
4
Suppose -2*i = i - 2*d - 7, -4 = -4*d. Suppose 7*p + 1871 = i*g + 6*p, 1238 = 2*g + 4*p. What is the hundreds digit of g?
6
Let f(c) be the second derivative of c**4/12 - 5*c**3/2 + 22*c**2 + 71*c. What is the tens digit of f(26)?
3
Suppose 3*h - 123531 = -25*a + 20*a, -5*h = -4*a - 205885. What is the units digit of h?
7
Let i = -13 + 6. Let t be i/35 - 42/15. What is the units digit of t/(27/(-111))*6?
4
Let j(d) = 46*d**2 + 19*d - 57. Suppose u - 2*p - 24 = -4*u, p - 2 = -u. What is the units digit of j(u)?
5
Let n(h) = 5702*h - 3859. What is the units digit of n(4)?
9
Suppose -2*p - 243 = -5*m, -4*p - 61 = 3*m - 212. Let v = 270 - m. What is the hundreds digit of v?
2
Suppose -5*j + 1963 = 2*i, 67*i = 69*i - 3*j - 1907. What is the hundreds digit of i?
9
Let b(l) = 4*l**2 + 11*l + 60. Let i be b(-21). Suppose 5*j - i = 2482. What is the tens digit of j?
1
Let d(v) = -18*v + 10. Let l be d(9). Let q = -228 - l. Let k = q + 126. What is the units digit of k?
0
Suppose -2691*t - 167055 = -2698*t. What is the tens digit of t?
6
Let w be -3 + 7 + -2 - 0. Suppose 4*q + w*o + 1 = 3*o, -5*q - 4 = -4*o. Suppose -69*l + 64*l + 955 = q. What is the hundreds digit of l?
1
Suppose 3*s - 15 = -2*p, -2*p + 18 = 5*s - 3. Suppose w + 319 = -s*i - w, -4*i + 2*w = 402. Let z = 150 + i. What is the units digit of z?
7
Suppose 14*v - 4*t = 10*v - 4, -v - 5 = -5*t. What is the hundreds digit of 4 + v - (-7 + -1*180)?
1
Suppose -4*m = -5*u + 53, 2*m - 59 = -5*u + 4*m. Let a(f) = 12*f - 4*f + 2*f + 1 - 8*f. What is the units digit of a(u)?
7
Let h be (12/6 + 4)*1 + -3. Suppose -h*u + 5*l = -1150, -3*u + 0*u - 2*l = -1115. What is the units digit of u?
5
Let w = 916 + -916. Suppose w = 10*j + 4207 - 23967. What is the tens digit of j?
7
Suppose 5*v - 1435 - 5875 = 0. Let p = v + -770. What is the units digit of p?
2
Suppose 3*h = -5*n - 11, -6*h + 4*h + 4*n = 0. Let x be -125 - (h*(-12)/8 + 1). Let t = 326 + x. What is the hundreds digit of t?
1
Let i(r) = r**3 - 16*r**2 + 14*r - 21. Let k be i(12). Let n = 950 + k. What is the hundreds digit of n?
5
Suppose 6 + 30 = 9*k. Suppose 0 = 4*h + 2*o - 2048, k*o = o + 12. Suppose -t - 673 = -4*q, -2*q + 5*q + t = h. What is the units digit of q?
9
Let a be 1/(-2)*((-1791)/(-9) + -1). Let l = 319 - a. What is the tens digit of l?
1
Suppose -v - 6 - 2 = -4*r, 2 = 2*r - v. Suppose 8*i - 4 = 9*i + 2. What is the tens digit of (166/(-4))/(1/i*r)?
8
Suppose 5*l - 20 - 20 = 5*i, 54 = 5*l + 2*i. Suppose b = -7 + l, 5*k - 2*b = 1714. What is the hundreds digit of k?
3
Let k(d) be the third derivative of d**6/120 - d**4/6 + 667*d**3/6 + 280*d**2. What is the units digit of k(0)?
7
Suppose 9*g = 137 + 25. Suppose -5*w + 3 - g = 0, -5*n + 2*w + 66 = 0. What is the units digit of n?
2
Suppose -4415 = -v - 2*q, 0 = v - 7*q + 10*q - 4415. What is the units digit of v?
5
Suppose -5*h - 4 - 4 = 4*x, 0 = 3*x + 3*h + 3. Let d be x/((2/5)/(112/60)). What is the hundreds digit of 172/1 + (d + 2)/8?
1
Suppose 5*o = 4*b - 38, 4*b = 4*o + 24 + 4. What is the units digit of 70872/120 + (-4)/o?
1
Let k(u) be the second derivative of u**5/20 - 5*u**4/6 + 8*u**3/3 - 7*u**2/2 - 3*u - 10. What is the tens digit of k(11)?
9
Let t = -34 + 38. Suppose -678 = t*n + 1258. What is the hundreds digit of 15/((-407)/n - (-3)/(-4))?
1
Let i = 105256 - 67433. What is the thousands digit of i?
7
Let q be (-3 - 4575/10)/((-6)/(-8)). Let v = 11 - q. What is the tens digit of v?
2
Let y(s) = s**3 - s**2 - 3*s + 2. Let g be y(2). Suppose -5*t + 8*t = g. Suppose -3*l + 2*m + 238 = 0, -l - m - 56 + 142 = t. What is the units digit of l?
2
Let q(o) = 3*o - 4 - 2*o + 3*o**2 + 20*o**2 + 2. Let h be (-2 - 14/(-6))*3. What is the tens digit of q(h)?
2
Suppose 0 = 17*i - 15*i - 80. Suppose -5*s + 0 = -i. Suppose 7*h - 125 = s. What is the units digit of h?
9
Suppose -2*y - 360 = s, 4*y + 4*s + 457 = -263. What is the units digit of 5/2*(-14112)/y?
6
Let y(m) be the second derivative of 5*m**4/6 - 2*m**3 + 21*m**2/2 - 54*m. What is the hundreds digit of y(-5)?
3
Let b = -38 + 38. Suppose b = -w - 2*w - 24. What is the hundreds digit of ((-140)/w)/(3/18)?
1
Suppose -148 + 50 = -7*l. Suppose l*q - 2065 = 791. What is the tens digit of q?
0
Let j(d) = -d**3 + 19*d**2 - 35*d - 531. What is the hundreds digit of j(-20)?
7
Suppose 21*n = 23*n - 6. Suppose -a = -n*a - 20. What is the units digit of a/15*378/(-4)?
3
Let c = -37921 + 79765. What is the ten thousands digit of c?
4
Let q be (16/(-6))/(10/(-15)). What is the hundreds digit of 402 - (0 - (-4 - -4 - q))?
3
Let i(l) = 247*l + 301. What is the thousands digit of i(17)?
4
Let c = -2534 + 4829. Suppose c = -4*a + 19*a. What is the units digit of a?
3
Let n(x) = x**2 + 8*x - 24. Let p be n(-12). Let m(a) = -2*a**2 + 36*a - 40. Let j be m(p). Let c = j + 572. What is the tens digit of c?
4
Suppose -2*p + 964 = 3*d, -2*d - 16*p = -11*p - 661. What is the units digit of d?
8
Suppose 1006 = t + 2*f, 5*t - 3*f - 4024 = t. Suppose 5*q - t = -2*l + q, 1 = q. What is the hundreds digit of l?
5
What is the tens digit of (0 + -4706)*-4*9/72?
5
Let r(i) = 8 + i**2 - 4*i + i**3 + 31 + 0*i - 4. What is the hundreds digit of r(6)?
2
Suppose 2*m = 3*r + 1 - 25, -4*r + 3*m + 32 = 0. Let o = 5 - r. What is the units digit of (-9)/27 - 289/o?
6
Let a = 3282 + 1957. What is the tens digit of a?
3
Let m(z) = -348*z - 1045. What is the thousands digit of m(-13)?
3
Suppose -2*g - 3*r = -2*r - 114, -5*g + 286 = 2*r. Let z = -53 + g. Suppose -z*t + c = -376, 6*t - 5*c = 2*t + 284. What is the units digit of t?
6
Let w be (14/10)/(-9 + 322/35). Suppose -552 = -w*a + 1534. What is the hundreds digit of a?
2
Suppose -2*a = -0*o + 3*o - 630, 0 = -5*o - 2*a + 1054. Let w = o + 178. What is the tens digit of w?
9
Suppose 0 = 127*y - 47706 - 436164. What is the hundreds digit of y?
8
Suppose 0 = 24*a - 26*a. Suppose a = 10*j - 7*j - 6. Let k(v) = 5*v**3 - 2*v**2 + 2*v - 1. What is the tens digit of k(j)?
3
Let i(t) = 19*t + 94. Suppose 0 = -5*o - 18 + 63. What is the hundreds digit of i(o)?
2
Suppose -3*l + 2288 = 4*m - 2*l, -5*m = 2*l - 2860. Let b = -328 + m. What is the units digit of b?
4
Suppose -16*a - 45018 = -4*f - 14*a, 2*a - 45038 = -4*f. What is the tens digit of f?
5
Let p(q) = 368*q**2 - 4*q + 4. Let n be p(1). Suppose 4*i - n = 624. What is the hundreds digit of i?
2
Let n = 56142 - 31972. What is the units digit of n?
0
Suppose 3*a + 124404 = 5*h, 2*h + h + a - 74634 = 0. What is the thousands digit of h?
4
Let f(n) = 227*n - 87. Let d(i) = -111*i + 43. Let u(o) = -5*d(o) - 3*f(o). What is the tens digit of u(-3)?
2
What is the units digit of (342/(-15) - -23) + (-3 - (-215564)/5)?
0
Let g(z) = 418*z**2 - 2*z - 1. Suppose -9*o + 29*o = 20. What is the tens digit of g(o)?
1
Suppose 705 = -i - 4*a - a, 4*i + 2*a + 2910 = 0. Let w = -517 - i. What is the hundreds digit of w?
2
Let j = -3024 - -4482. Suppose -192*a = -190*a - j. What is the tens digit of a?
2
Suppose 0 = 15*x - 26786 - 178534. What is the units digit of x?
8
Suppose 7*f + 474 = 4*f. Let v = 1340 - f. What is the hundreds digit of v?
4
Let z = 958 + -166. Suppose 23*p - z = p. What is the units digit of p?
6
Suppose -5*c - 757 + 15717 = 0. Suppose -7*n + c + 214 = 0. What is the hundreds digit of n?
4
What is the units digit of (-2)/7 - (12/(-40) - (-3213345)/(-350))?
1
Let x(p) = p**2 + 2*p - 933. What is the ten thousands digit of x(121)?
1
Let a be 0/((-6)/3) + (-8)/4. What is the hundreds digit of (-6 - a)/((-6)/270)?
1
Let d = -4 + 11. Suppose 0 = d*v - 77 - 126. Suppose 1385 = 34*q - v*q. What is the units digit of q?
7
Let s be 9/6 - 3340/(-8). Suppose 5*t + 59 = s. What is the tens digit of t?
7
